00 is divided by 31.
13
Calculate the remainder when 42449 is divided by 42407.
42
What is the remainder when 1010 is divided by 136?
58
Calculate the remainder when 425 is divided by 19.
7
Calculate the remainder when 153 is divided by 116.
37
What is the remainder when 8584 is divided by 85?
84
What is the remainder when 31324 is divided by 640?
604
Calculate the remainder when 759 is divided by 88.
55
Calculate the remainder when 8158569 is divided by 153.
150
Calculate the remainder when 21744 is divided by 93.
75
Calculate the remainder when 99 is divided by 16.
3
What is the remainder when 23234 is divided by 19?
16
What is the remainder when 26489 is divided by 189?
29
What is the remainder when 142258 is divided by 644?
578
What is the remainder when 5766607 is divided by 123?
121
Calculate the remainder when 8862 is divided by 102.
90
What is the remainder when 3175 is divided by 136?
47
What is the remainder when 34184 is divided by 11392?
8
What is the remainder when 54300 is divided by 1?
0
Calculate the remainder when 17182 is divided by 574.
536
What is the remainder when 12136 is divided by 23?
15
Calculate the remainder when 17620 is divided by 54.
16
What is the remainder when 7103 is divided by 203?
201
What is the remainder when 2200 is divided by 299?
107
What is the remainder when 1753878 is divided by 412?
406
Calculate the remainder when 16281 is divided by 187.
12
Calculate the remainder when 2093 is divided by 299.
0
What is the remainder when 717 is divided by 242?
233
Calculate the remainder when 597 is divided by 14.
9
Calculate the remainder when 177297 is divided by 11.
10
Calculate the remainder when 678888 is divided by 89.
85
What is the remainder when 13237 is divided by 401?
4
Calculate the remainder when 64743 is divided by 26.
3
Calculate the remainder when 35616 is divided by 8808.
384
What is the remainder when 286478 is divided by 1574?
10
What is the remainder when 15388 is divided by 7572?
244
What is the remainder when 88070 is divided by 118?
42
Calculate the remainder when 137672 is divided by 93.
32
Calculate the remainder when 11277 is divided by 353.
334
Calculate the remainder when 1642 is divided by 128.
106
What is the remainder when 3563 is divided by 198?
197
What is the remainder when 105410 is divided by 60?
50
Calculate the remainder when 194428 is divided by 97160.
108
Calculate the remainder when 1593 is divided by 31.
12
What is the remainder when 1197052 is divided by 13?
12
What is the remainder when 8028 is divided by 2667?
27
What is the remainder when 83588 is divided by 20895?
8
Calculate the remainder when 529 is divided by 58.
7
What is the remainder when 43855 is divided by 6264?
7
What is the remainder when 1824 is divided by 247?
95
What is the remainder when 8218 is divided by 415?
333
What is the remainder when 51370 is divided by 12767?
302
Calculate the remainder when 2977 is divided by 34.
19
What is the remainder when 2987 is divided by 469?
173
Calculate the remainder when 13883 is divided by 176.
155
What is the remainder when 5280 is divided by 754?
2
Calculate the remainder when 976 is divided by 118.
32
What is the remainder when 7811 is divided by 433?
17
What is the remainder when 10963 is divided by 159?
151
What is the remainder when 4765 is divided by 1418?
511
What is the remainder when 2424 is divided by 399?
30
Calculate the remainder when 16730 is divided by 168.
98
Calculate the remainder when 19177 is divided by 4736.
233
What is the remainder when 205689 is divided by 53?
49
Calculate the remainder when 22417 is divided by 4465.
92
Calculate the remainder when 461990 is divided by 462.
452
Calculate the remainder when 29648 is divided by 1234.
32
What is the remainder when 232388 is divided by 46?
42
What is the remainder when 12870 is divided by 12849?
21
What is the remainder when 138291 is divided by 3951?
6
What is the remainder when 5736 is divided by 1911?
3
Calculate the remainder when 8845 is divided by 86.
73
Calculate the remainder when 59509 is divided by 173.
170
What is the remainder when 14054 is divided by 13781?
273
Calculate the remainder when 909 is divided by 495.
414
Calculate the remainder when 46725 is divided by 766.
765
What is the remainder when 42138 is divided by 465?
288
What is the remainder when 5666 is divided by 105?
101
Calculate the remainder when 2700784 is divided by 906.
904
Calculate the remainder when 1896763 is divided by 22.
11
Calculate the remainder when 1389 is divided by 211.
123
What is the remainder when 145280 is divided by 192?
128
Calculate the remainder when 4405 is divided by 736.
725
Calculate the remainder when 13163 is divided by 366.
353
What is the remainder when 27981 is divided by 22?
19
What is the remainder when 25984 is divided by 114?
106
Calculate the remainder when 110248 is divided by 13781.
0
Calculate the remainder when 37033 is divided by 7402.
23
Calculate the remainder when 15175 is divided by 3790.
15
Calculate the remainder when 81846 is divided by 40916.
14
Calculate the remainder when 219123 is divided by 320.
243
Calculate the remainder when 23256 is divided by 595.
51
What is the remainder when 106880 is divided by 8906?
8
Calculate the remainder when 1215 is divided by 174.
171
What is the remainder when 5141 is divided by 1089?
785
What is the remainder when 42331 is divided by 452?
295
What is the remainder when 17495 is divided by 1166?
5
Calculate the remainder when 71915 is divided by 77.
74
What is the remainder when 2756002 is divided by 652?
650
What is the remainder when 100341 is divided by 100118?
223
Calculate the remainder when 44731 is divided by 6.
1
Calculate the remainder when 282275 is divided by 99.
26
Calculate the remainder when 4411 is divided by 51.
25
Calculate the remainder when 116766 is divided by 328.
326
Calculate the remainder when 121255 is divided by 60621.
13
Calculate the remainder when 923 is divided by 33.
32
What is the remainder when 2265 is divided by 254?
233
Calculate the remainder when 21015 is divided by 7004.
3
Calculate the remainder when 2768 is divided by 48.
32
What is the remainder when 3059 is divided by 230?
69
What is the remainder when 4540 is divided by 100?
40
What is the remainder when 26464 is divided by 212?
176
What is the remainder when 7766 is divided by 459?
422
What is the remainder when 32335 is divided by 11?
6
What is the remainder when 34844 is divided by 82?
76
Calculate the remainder when 34884 is divided by 298.
18
What is the remainder when 5400 is divided by 225?
0
What is the remainder when 657226 is divided by 39?
37
Calculate the remainder when 19416 is divided by 6432.
120
Calculate the remainder when 1656 is divided by 471.
243
Calculate the remainder when 708550 is divided by 52.
50
What is the remainder when 83106 is divided by 2245?
41
What is the remainder when 1687 is divided by 33?
4
Calculate the remainder when 14981 is divided by 24.
5
Calculate the remainder when 25241 is divided by 183.
170
Calculate the remainder when 1900 is divided by 72.
28
What is the remainder when 35630 is divided by 8905?
10
Calculate the remainder when 192107 is divided by 19.
17
Calculate the remainder when 526058 is divided by 116.
114
Calculate the remainder when 17107 is divided by 5696.
19
Calculate the remainder when 216656 is divided by 306.
8
Calculate the remainder when 466528 is divided by 45.
13
What is the remainder when 1654211 is divided by 76?
71
Calculate the remainder when 11237 is divided by 290.
217
What is the remainder when 33248 is divided by 8309?
12
What is the remainder when 2844 is divided by 826?
366
Calculate the remainder when 10648 is divided by 15.
13
What is the remainder when 15492 is divided by 3871?
8
What is the remainder when 419773 is divided by 32?
29
What is the remainder when 2141 is divided by 241?
213
What is the remainder when 9281052 is divided by 1099?
1096
What is the remainder when 21210 is divided by 10604?
2
What is the remainder when 3163 is divided by 517?
61
Calculate the remainder when 17373 is divided by 355.
333
Calculate the remainder when 28877 is divided by 3200.
77
What is the remainder when 47994 is divided by 29?
28
Calculate the remainder when 1082